e the remainder when 15901 is divided by 2275.
2251
What is the remainder when 1528 is divided by 449?
181
Calculate the remainder when 3715 is divided by 113.
99
What is the remainder when 9875 is divided by 38?
33
Calculate the remainder when 357 is divided by 14.
7
What is the remainder when 15255 is divided by 372?
3
Calculate the remainder when 948 is divided by 470.
8
What is the remainder when 200635 is divided by 81?
79
Calculate the remainder when 1577 is divided by 6.
5
Calculate the remainder when 8211 is divided by 456.
3
Calculate the remainder when 1031 is divided by 320.
71
Calculate the remainder when 54930 is divided by 157.
137
Calculate the remainder when 8594 is divided by 109.
92
Calculate the remainder when 15583 is divided by 6.
1
What is the remainder when 18635 is divided by 11?
1
Calculate the remainder when 429 is divided by 418.
11
What is the remainder when 769118 is divided by 230?
228
Calculate the remainder when 217807 is divided by 5.
2
What is the remainder when 4799 is divided by 267?
260
Calculate the remainder when 42267 is divided by 8418.
177
Calculate the remainder when 69830 is divided by 172.
170
What is the remainder when 77708 is divided by 45?
38
What is the remainder when 55223 is divided by 635?
613
What is the remainder when 15093 is divided by 378?
351
What is the remainder when 18271 is divided by 17?
13
What is the remainder when 9197 is divided by 242?
1
What is the remainder when 311512 is divided by 1251?
13
Calculate the remainder when 2092 is divided by 233.
228
What is the remainder when 1075 is divided by 512?
51
Calculate the remainder when 960 is divided by 489.
471
What is the remainder when 24101 is divided by 33?
11
What is the remainder when 103850 is divided by 12973?
66
What is the remainder when 39607 is divided by 5658?
1
Calculate the remainder when 1280 is divided by 216.
200
Calculate the remainder when 43218 is divided by 829.
110
What is the remainder when 164637 is divided by 98?
95
Calculate the remainder when 44507 is divided by 32.
27
What is the remainder when 17858 is divided by 79?
4
What is the remainder when 994616 is divided by 12?
8
Calculate the remainder when 4199 is divided by 171.
95
Calculate the remainder when 103677 is divided by 16.
13
What is the remainder when 39763 is divided by 150?
13
What is the remainder when 93037 is divided by 14?
7
What is the remainder when 4461 is divided by 1662?
1137
Calculate the remainder when 1151 is divided by 1089.
62
Calculate the remainder when 11707 is divided by 41.
22
Calculate the remainder when 3207 is divided by 28.
15
What is the remainder when 5529 is divided by 63?
48
Calculate the remainder when 4775 is divided by 136.
15
Calculate the remainder when 543 is divided by 530.
13
What is the remainder when 658462 is divided by 33?
13
What is the remainder when 22301 is divided by 354?
353
What is the remainder when 75164 is divided by 75096?
68
What is the remainder when 3120 is divided by 285?
270
What is the remainder when 6044 is divided by 195?
194
Calculate the remainder when 244046 is divided by 112.
110
Calculate the remainder when 76476 is divided by 1915.
1791
Calculate the remainder when 91447 is divided by 652.
167
Calculate the remainder when 6758 is divided by 6749.
9
Calculate the remainder when 97539 is divided by 10.
9
Calculate the remainder when 4483 is divided by 892.
23
Calculate the remainder when 16376 is divided by 604.
68
What is the remainder when 194500 is divided by 67?
66
What is the remainder when 2009789 is divided by 496?
493
Calculate the remainder when 409694 is divided by 65.
64
Calculate the remainder when 1900 is divided by 98.
38
Calculate the remainder when 2063 is divided by 258.
257
What is the remainder when 46782 is divided by 96?
30
Calculate the remainder when 11273 is divided by 2124.
653
Calculate the remainder when 8362 is divided by 180.
82
Calculate the remainder when 719 is divided by 231.
26
Calculate the remainder when 19492 is divided by 464.
4
What is the remainder when 60774 is divided by 633?
6
Calculate the remainder when 26811 is divided by 1219.
1212
Calculate the remainder when 5191 is divided by 24.
7
What is the remainder when 60186 is divided by 562?
52
Calculate the remainder when 326266 is divided by 120.
106
Calculate the remainder when 14887 is divided by 244.
3
What is the remainder when 473 is divided by 202?
69
What is the remainder when 907883 is divided by 17?
15
Calculate the remainder when 172033 is divided by 132.
37
What is the remainder when 4171 is divided by 2076?
19
What is the remainder when 64595 is divided by 50?
45
What is the remainder when 726 is divided by 627?
99
Calculate the remainder when 8406 is divided by 533.
411
Calculate the remainder when 193201 is divided by 50.
1
What is the remainder when 3878 is divided by 122?
96
What is the remainder when 146487 is divided by 570?
567
What is the remainder when 2185 is divided by 11?
7
What is the remainder when 11964 is divided by 1842?
912
What is the remainder when 8969 is divided by 112?
9
What is the remainder when 7844 is divided by 504?
284
What is the remainder when 628821 is divided by 84?
81
What is the remainder when 50491 is divided by 85?
1
Calculate the remainder when 9021 is divided by 373.
69
Calculate the remainder when 2441 is divided by 400.
41
What is the remainder when 8240 is divided by 4070?
100
Calculate the remainder when 103493 is divided by 34497.
2
What is the remainder when 5077 is divided by 149?
11
What is the remainder when 4445 is divided by 65?
25
What is the remainder when 9177 is divided by 1827?
42
What is the remainder when 14948 is divided by 40?
28
What is the remainder when 145061 is divided by 398?
189
Calculate the remainder when 9719 is divided by 9646.
73
What is the remainder when 344739 is divided by 30?
9
What is the remainder when 6767 is divided by 1474?
871
Calculate the remainder when 6147 is divided by 83.
5
Calculate the remainder when 75158 is divided by 86.
80
What is the remainder when 8365 is divided by 8353?
12
Calculate the remainder when 935000 is divided by 45.
35
What is the remainder when 5538 is divided by 926?
908
Calculate the remainder when 67053 is divided by 138.
123
What is the remainder when 714 is divided by 232?
18
What is the remainder when 43226 is divided by 101?
99
What is the remainder when 3386190 is divided by 8?
6
What is the remainder when 1289 is divided by 1262?
27
Calculate the remainder when 1900 is divided by 83.
74
Calculate the remainder when 4901 is divided by 126.
113
What is the remainder when 9324 is divided by 29?
15
Calculate the remainder when 131791 is divided by 129.
82
What is the remainder when 17839 is divided by 8918?
3
What is the remainder when 729747 is divided by 30?
27
Calculate the remainder when 32272 is divided by 198.
196
Calculate the remainder when 2163 is divided by 709.
36
Calculate the remainder when 16668 is divided by 8307.
54
What is the remainder when 30837 is divided by 833?
16
What is the remainder when 21784 is divided by 21774?
10
What is the remainder when 107992 is divided by 35994?
10
Calculate the remainder when 18882 is divided by 10.
2
What is the remainder when 1218 is divided by 104?
74
Calculate the remainder when 269732 is divided by 73.
70
Calculate the remainder when 96855 is divided by 21.
3
What is the remainder when 737 is divided by 426?
311
Calculate the remainder when 3061 is divided by 343.
317
What is the remainder when 20553 is divided by 1079?
52
Calculate the remainder when 10682 is divided by 1836.
1502
Calculate the remainder when 45912 is divided by 270.
12
Calculate the remainder when 7756 is divided by 27.
7
Calculate the remainder when 187335 is divided by 13381.
1
Calculate the remainder when 71533 is divided by 34.
31
Calculate the remainder when 2227 is divided by 111.
7
What is the remainder when 119415 is divided by 85?
75
Calculate the remainder when 158725 is divided by 79315.
95
Calculate the remainder when 6258 is divided by 1216.
178
What is the remainder when 43948 is divided by 132?
124
What is the remainder when 26585 is divided by 219?
86
Calculate the remainder when 30010 is divided by 1311.
1168
What is 